et o(d) = -160*d + 21. Let t(n) = -111*n + 14. Let h(f) = 9*o(f) - 13*t(f). Calculate h(a).
25
Let h = -964 - -963. Suppose 7*i = 11*i - 8. Let u(r) = 0 - 2 - 2*r + i*r**3 + 3 + 3*r. What is u(h)?
-2
Let k(v) = -2365 - 5*v + 1185 - v**2 + 1169. What is k(-3)?
-5
Let c = -72 + 75. Let z be ((-9)/2)/(c/4). Let i(g) = g**3 + 7*g**2 + 5*g - 4. Let m be i(z). Let d(k) = 3*k. Give d(m).
6
Let o(b) = 2*b**3 - 5*b**2 - 3. Suppose 153*t + 26 = 332. What is o(t)?
-7
Let d = -22598 + 22586. Let z(t) = t**3 + 11*t**2 - 7*t - 7. Calculate z(d).
-67
Let b(z) = 2*z**2 + 9*z - 13. Let r(k) be the third derivative of k**5/20 + 19*k**4/24 - 13*k**3/3 + 26*k**2. Let g(h) = 5*b(h) - 3*r(h). What is g(11)?
2
Let h(q) = q - 2. Let n be 0/(-25)*1/3. Suppose -8*v - 24 - 40 = n. Calculate h(v).
-10
Let g(b) be the third derivative of b**6/60 - b**5/10 - 11*b**4/24 + 2*b**3 - 2*b**2 + 13*b + 69. Give g(4).
0
Let d(u) = -11*u**2 - 26*u - 333. Let n(z) = -7*z**2 - 19*z - 222. Let b(h) = -5*d(h) + 8*n(h). Determine b(-13).
6
Let f(b) = -b**2 + b - 10. Let w(r) = r**3 - 7*r**2 + 12*r. Let z = 251 - 247. Let l be w(z). Determine f(l).
-10
Let r(u) = -u**2 - 341*u + 18 - 325*u + 654*u + 0*u**2. Let n be (1 + -2)*(-10 + 23). What is r(n)?
5
Let l(m) = 15*m + 43. Suppose -3*n + 158 = -3*j + 167, -2*n - j = 9. What is l(n)?
-17
Let x be 51/(-15) - (-2)/5. Let t(m) = -152*m**3 + 43*m**2 - 6*m - 3. Let o(y) = -87*y**3 + 24*y**2 - 4*y - 2. Let d(n) = -7*o(n) + 4*t(n). What is d(x)?
-1
Let g be -95 + (-2)/(-7) + 240/(-105). Let b = 101 + g. Let w(c) = c**2 - c - 3. Give w(b).
9
Let i(c) = -2*c - 1. Let y(s) = s. Let v(z) = -6*i(z) - 13*y(z). Let w be (595/(-49) + 10)/((-24)/56). Calculate v(w).
1
Let u(b) = -40 + 82*b - 37*b - 8 - 49*b. What is u(-21)?
36
Let q(f) = 16*f - f**2 + 23*f - 69*f + 19*f + 15*f + 38. Calculate q(-4).
6
Let y(l) be the first derivative of l - 33 - 1/2*l**2 - 1/3*l**3 - 19/4*l**4. Give y(1).
-20
Let l(g) = g**3 + 6*g**2 - 4*g + 13. Let j = 1584 - 1591. Give l(j).
-8
Let w(k) = 2*k**2 - 10*k - 58. Let p(n) = -8*n**2 + 40*n + 261. Let j(m) = 2*p(m) + 9*w(m). What is j(5)?
0
Let x(p) = 2*p**2 + 6*p - 6. Suppose 0 = -8*g + 1047 - 311. Suppose 0 = 2*r - 86 + g. Let i be x(r). Let t(q) = q**2 + 7*q - 7. What is t(i)?
-13
Let f be (-7 - -52)*(-1 - 26/(-6)). Suppose 31*n - 34*n = -f. Let t = n + -49. Let g(y) = -5*y. What is g(t)?
-5
Let g(k) = -k. Let w(u) = u**3 + 11*u**2 + 3*u + 1. Let a be w(-11). Let i = a + 33. Let b(p) = -p**2 - 6*p + 2. Let v(c) = i*b(c) - 2*g(c). Determine v(-3).
5
Suppose 0 = -19*h + 13 + 63. Let g(k) be the second derivative of 7*k + 0 - 1/4*k**4 + 1/20*k**5 + 5/2*k**2 - 7/6*k**3. What is g(h)?
-7
Let g(s) = 24 + 22 + s**3 + 12*s**2 - 42 + 6*s. Determine g(-10).
144
Let z = -6277 + 6289. Let t(j) = -2*j**3 + 24*j**2 + 3*j - 20. What is t(z)?
16
Let q(k) = -118*k + 241. Suppose 0 = -36*p + 443*p - 350 - 464. Calculate q(p).
5
Let s = -572 - -580. Suppose -362 = s*z - 274. Let q(d) = -d - 14. What is q(z)?
-3
Let z(m) = -m + m**2 - 9054578 - 9054590 + 18109180. Let w = -6 - -8. Suppose -a - 4*f + 4 + 8 = 0, -3*a = w*f - 6. Give z(a).
12
Let j(v) = v**3 + 11*v**2 - 2*v - 49. Let c be j(-10). Let x(i) = -i - 2*i**2 - c*i**3 + 140*i**3 - 68*i**3. Calculate x(-1).
-2
Let v(d) = 3*d**2 + 2*d + 2. Let j be 2/(-13) + 1215/39 + 3. Let q = j - 30. Suppose 3*c = -a - 17, -q*c = a - 5*a + 12. Determine v(a).
10
Let x(m) = -m**2 + 7*m + 1. Let c = 518 - 514. Suppose 2*n + 45*z = 40*z + 23, 4*n = -c*z + 40. What is x(n)?
-17
Let j(i) = 3*i - 6. Let o(v) = 9*v - 17. Let p(x) = 8*j(x) - 3*o(x). Let d(y) = -3*y**2 - 33*y + 3. Let z be d(-11). Calculate p(z).
-6
Let o(k) be the first derivative of k**4/4 + 5*k**3/3 + 7*k**2/2 + 10*k + 1994. Give o(-3).
7
Let z(m) = m**2 + 20*m + 47. Let l be ((-16 + 1264/80)*1)/(2/30). Give z(l).
-4
Let d(o) = -3*o - 3. Suppose 0 = -4*c - 3*l - 195, 6*l + 249 = -5*c + 4*l. Suppose 4*p - 6*y + y = 242, -4*p = -4*y - 240. Let q = c + p. Give d(q).
-24
Let f(o) = o - 1. Let c = -194 - -195. Let u(z) = 5*z - 8. Let k(p) = c*u(p) - 6*f(p). Give k(-8).
6
Let d(r) be the first derivative of -r**2/2 + r + 10. Suppose o - 8 - 41 = 5*a, 0 = 4*o + 4*a - 100. Suppose 33 - o = 4*h. Determine d(h).
0
Let j(a) = -2*a**2 - 139*a - 277. Let o be j(-2). Let c(m) = 2*m**2 + 4*m + 1. Give c(o).
71
Let s(v) = -v**2 - 8*v + 22. Let z be s(-10). Let q(t) = -t**z - 18*t + 2 - 13*t + 24*t. Calculate q(-7).
2
Suppose -2*m + 3*m + 3 = 0, -k = -2*m - 6. Suppose -2*x - 4*j = -2*j - 16, 0 = 2*x + 4*j - 26. Let c(p) = 61*p + 0 - 64*p + k - x. Determine c(-2).
3
Suppose -p + 153 = -5*n, p + 3*n = -2*p + 459. Let h = -157 + p. Let a(f) = 2*f - 3. Calculate a(h).
-11
Let k(a) be the third derivative of a**5/60 - 3*a**4/8 - 53*a**3/6 - 447*a**2. Calculate k(12).
-17
Suppose -3*q - 10 = 2*q, 0 = 5*l + 4*q + 38. Let j(t) be the second derivative of -t**3/3 + 5*t**2/2 - 3765*t + 3. What is j(l)?
17
Suppose 5*a = 4*a + 2*u - 9, 5*a = -2*u + 27. Let f(x) be the third derivative of -x**6/120 + x**5/20 + x**3/2 + 4*x**2. Determine f(a).
3
Let z = 0 + 0. Let h(q) be the second derivative of -1/6*q**3 + 2*q**2 + 0 - 64*q. Calculate h(z).
4
Let d(c) = 8*c + 2*c - 6*c. Let v = 2547 - 2548. Determine d(v).
-4
Let d = -7 + 9. Let f(l) = 1 - 2*l**d - l**3 + 2*l**3 - l + 2*l - 3*l. Let k be (-2)/(-3) - 91/(-39). Calculate f(k).
4
Let p(c) be the second derivative of c**4/4 + c**3/2 + 7*c**2/2 - 82*c + 34. Calculate p(5).
97
Let q(n) = -n**3 - 15*n**2 - 15*n - 9. Suppose 11*s - 16*s = -5*r - 70, -5*r + 2*s - 70 = 0. Let c be q(r). Let t(j) = j**2 - 3*j - 11. Give t(c).
-1
Let a = 683 - 381. Let k(t) = -a*t + 158*t + 154*t + 3 + 2*t**2. Calculate k(-7).
31
Let s(h) = -25*h**2 + 144*h - 45. Let u(l) = 39*l**2 - 212*l + 67. Let a(g) = -8*s(g) - 5*u(g). Determine a(18).
-11
Let j(u) = -2*u**2 - 29*u + 20. Let r(t) = -t**2 + 2*t + 3. Let m(c) = j(c) + 2*r(c). Determine m(1).
-3
Suppose 2844 - 13338 = 441*m + 2295. Let l(s) = -4*s - 94. Determine l(m).
22
Let c(s) = 0*s + 1 - 3 - 4*s + s - 27. Calculate c(-17).
22
Suppose 394 = -8*r - 1590. Let u = -250 - r. Let j(c) = -6*c**2 + 4*c + 3. Calculate j(u).
-29
Suppose -2*s + 84 = -2*p - 2*p, -2*s = 2*p - 114. Suppose -5*z - s = 8*z. Let j(g) = g**3 + 5*g**2 + g - 13. Determine j(z).
-1
Let g(v) = 165*v**2 - 4*v - 164*v**2 + 5 + 3*v - 4. Let h be ((-2)/(-6))/((-17)/(-51)). Let m be g(h). Let u(q) = -q**2. Give u(m).
-1
Let i(m) be the first derivative of m**4/12 + 3*m**3/2 + 4*m**2 + 57*m + 97. Let l(b) be the first derivative of i(b). Give l(-8).
0
Suppose 4*t - 38 = -2*m, -2*t + 379 = 2*m + 359. Let i(u) = -u**2 + 13*u - 35. What is i(t)?
1
Let b(m) = -314 - 16*m - 30*m + 36*m + 259. What is b(-5)?
-5
Let f = -262 - -519. Let c = f - 253. Let w(y) = 3*y - 5. What is w(c)?
7
Let n(u) = 8*u + 58*u**2 - 3*u + 2*u - 1 - 57*u**2 - 6*u. Give n(-4).
11
Let h(j) = 69*j**3 + 14*j**2 + 60*j + 68. Let y(k) = -62*k**3 - 13*k**2 - 58*k - 67. Let a(g) = 9*h(g) + 10*y(g). Determine a(9).
-13
Let u(d) = -d**2 - 9*d + 3. Let x be -1*1 - (-1 + -14). Suppose -4*l + 167 - 69 = -5*i, -5*l = 5*i - 100. Let o = x - l. What is u(o)?
11
Let r(a) = a**2 - 3*a**2 + 4*a + 7*a**2 + a**3. Let q(v) = 589*v - 3537. Let f be q(6). Determine r(f).
6
Suppose -260 = 2*i + 3*z, -4*z = -5*i + i - 560. Let s = -130 - i. Let o(v) = 2*v - 1. Determine o(s).
11
Let q(o) be the first derivative of -o**3/3 - 9*o**2/2 - 10*o - 912. Let p be (-1)/(-21)*3 + 171/(-21). Determine q(p).
-2
Let b(w) = -w**3 + 6*w**2 - 5*w + 5. Suppose 8*h - 239 + 63 = 0. Suppose -12*r - 50 = -h*r. Determine b(r).
5
Let d(n) = -5*n - 2. Suppose 0 = -18*j - 1720 - 1160. Let r = -164 - j. Calculate d(r).
18
Let t(n) = 8*n + 108. Let p(k) = 9*k + 109. Let f(y) = 5*p(y) - 6*t(y). What is f(-34)?
-1
Let v(k) = -7*k**3 + 55*k**2 + 9*k - 15. Let t be v(8). Let m(l) = -l**3 - 5*l**2 - 5*l + 2. Calculate m(t).
135
Let w(f) = f**3 - 13*f**2 - f + 15. Let r be ((-54)/(-9) - 20/4)*13. Calculate w(r).
2
Let o(b) = 11. Let j(y) = 12*y - 79. Let q(d) = -j(d) - 7*o(d). Calculate q(3).
-34
Let b(l) be the first derivative of l**3/3 + 3*l**2 - 7*l - 12830. Let c = -10 - -4. What is b(c)?
-7
Let b = 733 + -1051. Let j = b - -315. Let q(c) = -3*c - 2. Give q(j).
7
Let y(x) = x - 28. Let u be (-2)/(10 + 945/(-49)